 = -l*c - 3*j + 53, -22 = -2*c - 2*j. List the prime factors of c.
2, 5
Let j be 5 - (-3)/(1 + -4). Suppose s + j*s = 15. Suppose -k - 42 = -s*a - a, -4*a = 3*k - 34. List the prime factors of a.
2, 5
What are the prime factors of 0/1 - 1 - -85?
2, 3, 7
Suppose 4*r = 2*t + 6, 0 = -4*t + 2 + 2. List the prime factors of 3*(3 - r)*2.
2, 3
Suppose -15 = -5*j, 5*f - 144 = 4*j - 51. What are the prime factors of f?
3, 7
Let q be 9/(-6)*32/(-3). Suppose 0 = 17*n - q*n - 54. What are the prime factors of n?
2, 3
Let y(u) = u**3 - 10*u**2 - 13*u + 11. Let t(v) = 3*v**3 - 30*v**2 - 40*v + 32. Let k(g) = -2*t(g) + 7*y(g). List the prime factors of k(11).
13
Let o(t) = 7*t**2 - 4*t - 16. List the prime factors of o(5).
139
Let c = 1 - -1. Let n = -7 - -10. What are the prime factors of (c + -2)/n - -7?
7
Suppose -5*r = 5*v - 690, -v - 118 = -r + 2*v. What are the prime factors of r?
7, 19
Let u be (-48)/(-28) + (-4)/(-14). Suppose 10 = u*t - 2. List the prime factors of t.
2, 3
Let u(h) = -4 + 6*h**2 - 2*h**3 + 3*h**3 + 0*h**3 + 0*h**3. What are the prime factors of u(-5)?
3, 7
Let r(m) = -5*m + 11. List the prime factors of r(-6).
41
Let b(n) = 12*n**2 + 12*n**2 - 1 - 8*n**2. What are the prime factors of b(-1)?
3, 5
Suppose 0 = 5*b + p - 1423, -2*p = 4*b - 4*p - 1130. List the prime factors of b.
2, 71
Suppose -5 + 25 = 5*j. List the prime factors of j.
2
Let d = 2 + -1. Let h be 6/9*18/4. What are the prime factors of (-1*h - d)*-1?
2
Let l be (-8)/(-12) - 38/(-6). Let x(a) = -l - a**2 + 3 + 2*a**2 + 8*a. What are the prime factors of x(-9)?
5
Suppose -4*v + 6 = -v. Suppose 16 = 4*l, -c - 21 = -v*c - 4*l. Suppose -116 + 41 = -c*d. What are the prime factors of d?
3, 5
Let j be (-18)/12 - (-470)/4. Let k be (-4)/12 - j/(-6). Suppose -4*f - k = -b, 2*b - 3*f = -6*f + 16. What are the prime factors of b?
11
Suppose 3*p + 4*w - 3 = 0, 3 = 4*p + 5*w - 2. Suppose 3*j - 2*j + k = -15, -j - 31 = p*k. Let d = j + 21. List the prime factors of d.
2, 5
Let y be 5/15 + 8/3. Suppose 4*s - 7 = 5*m - 2, -3*m = -y*s. Let g = 6 - m. What are the prime factors of g?
11
List the prime factors of (-2)/8 + (-692)/(-16).
43
Suppose -4*i + 25 + 7 = 0. Let r be i/44 + 6/(-33). Suppose 4*q - 44 = -r*q. What are the prime factors of q?
11
Suppose -2*m = -5*m + 24. Suppose 0 = x - 1, 3*t + 2*x - m = -0*t. Suppose -t*j - 20 = -4*a - 6*j, -a + 3*j - 7 = 0. What are the prime factors of a?
2
Let t(k) = 5*k**2 - 1. Let o be t(1). Suppose -3*s + 3*n = -54, -2*n = -o + 6. Suppose 3*d - m - 25 = 0, 0*d = -3*d - m + s. What are the prime factors of d?
7
Suppose -2*t + t - m = -112, -4*t + 444 = 2*m. List the prime factors of t.
2, 5, 11
Suppose -6*s = -s - 45. List the prime factors of s.
3
Suppose 5*u - 406 = 269. What are the prime factors of u?
3, 5
Suppose -7*c - 88 = -11*c. Suppose -c = -4*q + 2. Suppose w + q = 2*w. What are the prime factors of w?
2, 3
Let o = -11 - -19. Let h(x) = 7*x - 2 - 4*x - o + 0. What are the prime factors of h(9)?
17
Let j(p) = -4*p - 7*p**2 - 9 + p**3 - 2*p**3 + 2*p. List the prime factors of j(-7).
5
Suppose 3*x - 11 = -5*z + 7, 9 = 2*z + 3*x. Let r = 13 + z. Suppose 0 = -3*y + r + 11. List the prime factors of y.
3
Suppose 3*b + 0*b - 21 = 2*h, 2*b = 2*h + 12. List the prime factors of b.
3
Let q(s) = s. Let n be q(0). Suppose -y + 5*l - 28 = 0, n*y = 2*y - 4*l + 26. What are the prime factors of (1/2)/(y/(-18))?
3
Let g(l) = -12*l - 14. What are the prime factors of g(-7)?
2, 5, 7
Suppose -2*t - 17 = -5. Let z(f) be the third derivative of f**6/120 + 7*f**5/60 + f**4/6 + 2*f**3/3 - 5*f**2. What are the prime factors of z(t)?
2
Suppose h + 3*r - 3 = 0, 5 = 3*h + 2*r - 11. What are the prime factors of 332/14 + h/21?
2, 3
Let i(v) = v**2 + 12*v. Let z be i(-12). Suppose z = -6*r + 4*r + 24. What are the prime factors of r?
2, 3
Let j = 180 + -72. List the prime factors of j.
2, 3
Let i = -1 - -15. Let t = i + 0. What are the prime factors of t?
2, 7
Let y(s) = s - 1. Let m be y(3). Let c = m + 2. Let v = -2 + c. What are the prime factors of v?
2
Suppose -5*g = -2*g + 4*h + 48, g - 2*h = -6. Let u = g + 26. What are the prime factors of u?
2, 7
Let v be (-26)/4*(-4 - -6). Let u be 4/12 + (-154)/(-6). Let q = v + u. What are the prime factors of q?
13
Suppose 0 = -o - 2 + 35. Suppose 79 = 4*s - o. List the prime factors of s.
2, 7
Let u(m) = -m**2 - 3*m + 4. Let l be u(-3). Suppose 6 = l*c - w + 1, -4*w - 2 = 2*c. Suppose 14 + c = 4*t + i, -i - 5 = 0. What are the prime factors of t?
5
Let k(m) = 2*m**2 + 3*m - 1. Let d be k(-5). Suppose 0 = 5*u - 52 + 147. Let p = u + d. List the prime factors of p.
3, 5
Let i = -114 - -118. List the prime factors of i.
2
Suppose -3*k + k = 0, 3*u - k = 48. What are the prime factors of u?
2
Suppose -w + 4*w = 4*p - 43, 3*w - p = -40. Let u = 1 - w. What are the prime factors of u?
2, 7
Let o(n) = n**3 + 7*n**2 + 8*n + 5. Let b be o(-5). Suppose 0*i - b = -3*i. Suppose 59 = 4*w + i*f, -5 = -w + 3*f - f. List the prime factors of w.
11
Let n(p) = 4*p. Let u(v) = 7*v - 1. Let c(b) = 5*n(b) - 3*u(b). Suppose 4*y - 12 = 4*z, -2*z = 3*z - y + 15. What are the prime factors of c(z)?
2, 3
What are the prime factors of 258*((-3)/(-10) - 4/(-20))?
3, 43
Let h(s) = s**3 + s**2 - 4*s + 3. Let l be h(-4). Let n be l/4 + (-2)/(-8). Let a = -5 - n. List the prime factors of a.
2
What are the prime factors of 3*(-2)/12*-84?
2, 3, 7
Let v(n) = n**3 + 11*n**2 + 16*n - 8. List the prime factors of v(-6).
2, 19
Let x = -12 + 4. Let b be 130/(-8) + (-2)/x. Let o = 26 + b. What are the prime factors of o?
2, 5
Let t(s) = -s + 1. Let w be t(-11). What are the prime factors of (-8)/w - (-375)/9?
41
Let m = 5 - 0. Suppose 4*d - m*j + 24 = 0, -d = 4*j - 7 + 34. Let n = -3 - d. List the prime factors of n.
2
Suppose -4*s + 3 = p - 12, 40 = 3*s - 5*p. Let k(x) = 2*x + 0 + 2 + 0. What are the prime factors of k(s)?
2, 3
Let k be 4/18 + (-7)/(-9). Let y be (-1 + k)/(3/(-3)). Suppose y = 2*q - 5*u - 45, -q - 2*u - 15 = 3*u. List the prime factors of q.
2, 5
Suppose 5*h + 3*k - 31 = k, 3*h - 3*k = 6. Let z = h - -8. What are the prime factors of z?
13
Suppose -2*a + 2 = -3*a. List the prime factors of -10*(1 - (-5)/a).
3, 5
Suppose -4*x + 93 - 5 = 0. What are the prime factors of x?
2, 11
Let l(f) = -f**2 - 9*f - 5. Suppose -2*c = -3*k + 27, 5*c = -2*k - 3 - 17. List the prime factors of l(c).
13
Let o = 1 + -6. Let v = 8 + o. Suppose 3*k = i - 6, v*i - 32 = -3*k - 2*k. List the prime factors of i.
3
Let w be 3 - (-7 - -3 - -2). Let s(q) = -q**2 + 4*q + 7. Let k be s(w). Suppose -k*f + 9 = -1. What are the prime factors of f?
5
Let u = 0 - 0. Let p = u + 2. List the prime factors of (p - -2)*3 + 0.
2, 3
Suppose 2*q = 5*q - 936. List the prime factors of q.
2, 3, 13
Suppose 0 = d - 6 - 2. Let n = d + -3. Suppose 2*l - s = 4*l - 10, 4*s - 28 = -n*l. What are the prime factors of l?
2
Let a = 12 - -4. Let l be (a/12)/((-2)/6). Let d = l + 7. What are the prime factors of d?
3
Let t(h) = h**2. Let r(a) = -a**3 - 6*a**2 - 7*a - 6. Let g(y) = -r(y) - t(y). Let x be g(-4). List the prime factors of (60/(-18))/(1/x).
2, 5
Suppose v + 3*v - 2*x = 0, 5*x = 20. Suppose -v*p - 3*p = b - 37, -4*p = 2*b - 26. List the prime factors of p.
2
Let g = 0 + -7. Suppose 6 = -3*t - 6, t - 51 = -5*c. Let p = g + c. What are the prime factors of p?
2
Let h(i) = -i + 1. Suppose -2*r - 5*f = 2*r + 28, 2*r = 5*f + 16. What are the prime factors of h(r)?
3
Let u be -4 + (6 - 0)/1. List the prime factors of (5/u)/((-5)/(-100)).
2, 5
Suppose 2*n - 3*y - 3 = 0, 3*y = -n - 2*y - 5. Suppose 28 = 3*l - 4*w - w, n = -4*w + 4. Suppose -l = 5*v - 46. List the prime factors of v.
7
Suppose -2*c + 70 = -112. List the prime factors of c.
7, 13
Suppose 15 = 3*u + 4*p, 3*u - 5*p - 12 = 3. Suppose -2*i = 4*y - 8, y - 64 = -4*i + u*y. Let z = 17 - i. List the prime factors of z.
5
Let j be (2/(-6))/(1/(-159)). Let y = -30 + j. What are the prime factors of y?
23
Suppose 3*l + 4 + 35 = 0. Let w = l - -19. List the prime factors of w.
2, 3
Suppose -2*a + 2*t = -86, -2*a + 2*t - 3*t = -83. List the prime factors of a.
2, 3, 7
Let x(p) be the first derivative of -p**3/3 - 2*p**2 + 3*p + 3. List the prime factors of x(-4).
3
Suppose -15*r - 180 = -20*r. List the prime factors of r.
2, 3
Let 